o - 121. What are the prime factors of u(-8)?
3527
Suppose 0 = 5*j - 194 + 1499. What are the prime factors of j/(-5) - (4 - 38/10)?
2, 13
Suppose -7*i + 83 = -127. Let f be (10/(-6))/(6/(-90)). Let d = i - f. List the prime factors of d.
5
Suppose 5*j - 2*j + 171 = -4*p, -2*p + j - 93 = 0. Let a = p + 65. What are the prime factors of a*(5/(-20) + 1)?
3, 5
Suppose 281 = z - 3*a - 240, 2051 = 4*z - a. What are the prime factors of z?
2
Let y = 38 - 42. Let r be (-12)/24 + 658/y. What are the prime factors of r*(4 + 110/(-25))?
2, 3, 11
Let s(u) = 66*u - 41. What are the prime factors of s(3)?
157
Let d(l) = -l**3 - 7*l**2 - 7*l - 3. Let m be d(-6). Suppose 5*z = u + 362, -231 = -3*z - m*u - u. List the prime factors of z.
73
Suppose 4*k - 182 = s + 518, -3*k - 4*s = -525. What are the prime factors of k?
5, 7
Let u(c) = 7*c**2 + 38*c + 215. List the prime factors of u(-17).
2, 199
Let o(c) = c**3 - 7*c**2 - 7*c - 13. Let p be o(8). Let q be (p - (-1 + -2)) + 155. Let n = q - 107. What are the prime factors of n?
2, 23
Let u(t) = 7*t**3 - 11*t**2 + 34*t - 7. List the prime factors of u(5).
7, 109
Let a be 943 + (-4)/(-4) + -4. Suppose 11*k = k + a. List the prime factors of k.
2, 47
Suppose -4*s - 2 = g, -4*g = -g - 2*s - 8. Let u be -1*g/(8/(-4)). List the prime factors of 3 + (1 - u) + 77.
2, 5
List the prime factors of -1 - -103*(6 - -5).
2, 283
Let l be (2 + -1)/(5/20). Suppose l*i + 49 - 269 = 0. List the prime factors of i.
5, 11
Suppose 8899 = -19*j + 30*j. List the prime factors of j.
809
Suppose -4*h = m - 1514, 202 = h + 2*m - 173. What are the prime factors of h?
379
List the prime factors of (-38964)/(-9) + (-4)/12.
3, 13, 37
Let p = 4 - -20. Let r = -8 + p. Suppose 11*l + 245 = r*l. What are the prime factors of l?
7
Suppose 4*d = -4*g + 736, g + 0*d - 2*d = 169. Let z = g - 97. Let b = -58 + z. List the prime factors of b.
2, 3
Let r(l) = 24*l**2 + 5*l + 10. What are the prime factors of r(-7)?
1151
Let v(u) = -u**2 + 11*u - 11. Let g(w) = 10*w. Let n be g(1). Let i be v(n). Let a = 4 - i. List the prime factors of a.
5
Let o(m) = -m**2 + 9*m + 13. Let v be o(10). Suppose d + 38 = -i + 117, -v*i + 395 = 5*d. What are the prime factors of d?
79
Let z(w) = 2*w + 12. Let x be z(-5). Suppose -x*r + 248 = -0*r. List the prime factors of r.
2, 31
What are the prime factors of (3237/(-9))/((-16)/48)?
13, 83
Let n(k) = -5*k + 27. Let o be (3/(3/(-13)))/1. List the prime factors of n(o).
2, 23
Let y = -48 - -112. Suppose -5*s = -4*s - y. What are the prime factors of s?
2
Let k = -46 + 56. Suppose k*u - 1556 = -76. List the prime factors of u.
2, 37
Let g be (8/12 - 0)*-2*-15. Suppose -4*m + 0*m = -g, 0 = -b + m + 75. List the prime factors of b.
2, 5
Let h = -16 - -16. Let z(l) = -2*l + h*l + 22 - 17 - 2*l. What are the prime factors of z(-3)?
17
Let a(h) = h**3 + 8*h**2 - 6*h. Let i be ((-38)/(-95))/((-1)/20). What are the prime factors of a(i)?
2, 3
Let q(f) = f**3 - 3*f**2 + 2*f - 3. Let g be q(3). Suppose h - 12 = -g*v + 5, -3*v = -2*h + 25. Suppose -x - 1 = -h. List the prime factors of x.
13
Let l(f) = -9*f + 65. Let d(y) = 4*y - 33. Let k(m) = -7*d(m) - 3*l(m). List the prime factors of k(0).
2, 3
Let v(x) = -x + 17. Let b(u) = 1. Let o(n) = -5*b(n) + v(n). Let k = 23 + -14. List the prime factors of o(k).
3
Suppose -4*l - 2*g - 1444 = 0, -6*l = -l - g + 1791. Let t = l + 532. What are the prime factors of t?
173
Let x be (28/6)/(2/(-3)). Let z = x - -125. List the prime factors of z.
2, 59
Let u(v) = -7*v**2 + 3*v + 2. Let f be u(-1). Let b(i) = -i - 8. Let r be b(f). Suppose -2*p = p - 4*k - 130, -5*k - 5 = r. List the prime factors of p.
2, 3, 7
Let h = 98 + -247. Let m = -87 - h. What are the prime factors of m?
2, 31
Suppose 18*o - 58 = 19*o. Let k = o - -130. List the prime factors of k.
2, 3
Let j(a) = 12*a + 2. Suppose 0 = 4*f - 25 + 9. What are the prime factors of j(f)?
2, 5
Suppose -11 = -10*v - 41. List the prime factors of ((-1)/2)/(v/(-6)) - -179.
2, 89
Suppose 5*r = 7*q - 2*q - 5, 0 = 5*q + 4*r - 23. Suppose q + 2 = y. Suppose -m = -w - w + 66, 5*m = y*w - 165. What are the prime factors of w?
3, 11
Suppose 169 = 10*n - 9*n. Let c = 242 - n. What are the prime factors of c?
73
Suppose 2*n - 5*j - 822 = 13, 3*j = 3. List the prime factors of n.
2, 3, 5, 7
Let s(x) = 19*x**2 - 15*x + 19. List the prime factors of s(6).
613
Suppose y - 2*b = 478, 16*y - 956 = 14*y - 4*b. What are the prime factors of y?
2, 239
Let h = 181 - 19. Let k = h + -56. List the prime factors of k.
2, 53
Let t(o) = o**2 - o - 4. Let f be t(-3). Suppose f*p - 6*p - 14 = 0. Suppose -p = -4*j + 9. What are the prime factors of j?
2
Let q(w) = -w**2 + 29*w - 7. Let o be q(17). What are the prime factors of 2*o/(-4)*-2?
197
Let a be 39/(-33) + 1 - 739/(-11). Suppose 4*t - 5*t + 5*s + 9 = 0, 5*t - 3*s - a = 0. What are the prime factors of t?
2, 7
What are the prime factors of 3420/(-27)*18/(-8)?
3, 5, 19
Let a(c) = 6*c - 1. Let z be a(-2). Let t = 15 + z. Suppose 0 = -2*s + 4, t*v - 2*s - 26 = s. List the prime factors of v.
2
Let m be 7 - ((-12)/2)/3. Suppose m + 68 = n. List the prime factors of n.
7, 11
Let q(b) = -b**3 - 3*b**2 + 2*b. Suppose 3*h - 5*h + 60 = 0. Suppose 4*j + h = 5*w, -j + 0*w = -w + 7. List the prime factors of q(j).
2, 5
Suppose 5*v = 3*v + 4. Let x be (-19 + v - -3)/(-2). Suppose x = 4*b - 5, 0 = -5*h - 5*b + 100. What are the prime factors of h?
17
Let o = -9 + 13. Suppose 18 = 2*r + o*r. Suppose r*t - 14 = -2. What are the prime factors of t?
2
Suppose 0*s = 3*s - 3. Let r be (-2 - -7) + s + -4. Suppose r*d - 18 = 12. List the prime factors of d.
3, 5
List the prime factors of (-2 - (-21)/6)*(-320)/(-15).
2
Let d(j) = 557*j**2 - 13*j + 6. What are the prime factors of d(-2)?
2, 5, 113
Let f(w) = w - 4. Let p(v) = 9*v - 33. Let y(x) = 51*f(x) - 6*p(x). Let u be y(0). What are the prime factors of u/27*-6*15?
2, 5
Let v(a) = -12*a + 1. Let z be v(2). Let r = -40 - 5. Let p = z - r. List the prime factors of p.
2, 11
Let i(g) = g**3 - 44*g**2 + 9*g + 121. What are the prime factors of i(44)?
11, 47
What are the prime factors of -7*10/10 - -2687?
2, 5, 67
Let g be 3 + (32 + -1 - 1). Suppose g = -f - 59. List the prime factors of (-8)/24 - f/6.
3, 5
Let l(k) = k**2 - 11*k + 60. What are the prime factors of l(-11)?
2, 151
Suppose 16*w + 4 = 15*w, -4*p - 5*w = -1588. List the prime factors of p.
2, 3, 67
Let c be (2/(-6))/((-2)/12). Suppose -3*l - 9 = 0, -24 = 2*z - 5*z - c*l. List the prime factors of z.
2, 5
Let z be 46/2*((-12)/(-4) + -4). Let a(b) = -b**3 + b + 1. Let d be a(-1). Let v = d - z. List the prime factors of v.
2, 3
Suppose -3*k + 2*s + 8 = -k, -4*k - s = 4. Suppose 2*h - 3*h + 34 = k. Suppose 5*n - 2*p = 118, -5*n + 4*n + h = -3*p. What are the prime factors of n?
2, 11
Let k(u) = u**3 + 10*u**2 - 11*u + 5. Let z be k(-11). Suppose 24 = -y + z*y. Suppose -y*m = -8*m + 22. What are the prime factors of m?
11
Suppose -410*j = -394*j - 23792. What are the prime factors of j?
1487
Suppose 0 = 3*j + 6, 2*j - 2 = -b - 6. Suppose b = -5*l + u + 741, -2*l - 596 = -6*l + 4*u. What are the prime factors of l?
2, 37
Suppose 9 = 3*x, 3*x - 15 = -2*a - a. Suppose -124 - 28 = -a*b. What are the prime factors of b?
2, 19
What are the prime factors of ((-79700)/250)/((-4)/10)?
797
Suppose -2*u = -3*u + 148. Suppose x - u = 4*i - 3*i, i = 3*x - 436. List the prime factors of x.
2, 3
Suppose -j + a + 844 = 0, 3*j + j - 3355 = -3*a. List the prime factors of j.
29
Let f be 40 - 48 - (-3)/(0 - -1). List the prime factors of 41418/130 - (-3)/f.
2, 3, 53
Let s = -1638 - -2419. What are the prime factors of s?
11, 71
Let b(f) = 9*f**2 - 44*f - 263. What are the prime factors of b(-22)?
3, 7, 241
Let l(b) = -13*b + 36. Let o be l(-6). Suppose -o = -3*v - d + 4*d, 0 = -4*d + 8. What are the prime factors of v?
2, 5
Suppose -3*f = -8*f + 480. Suppose -f = -5*j - 661. Let c = -75 - j. List the prime factors of c.
2, 19
Let i(u) = -u**2 + 273*u + 11 + 6 - 290*u. What are the prime factors of i(-13)?
3, 23
Suppose 0 = -33*o + 30*o - 33. Let t be 2 - (0 + 2) - -21. Let z = t + o. List the prime factors of z.
2, 5
Let a be (-4)/2*(-12 + 11). Suppose 3*y + 3*p = 144, -2*p - p + 91 = a*y. Suppose y - 11 = 3*j. List the prime factors of j.
2,